*c - 0*c. What is the units digit of b?
7
Let y be (-20)/5*5/(-4). Suppose 4*z = -2*i + 35 + 23, y*z - 73 = -3*i. What is the units digit of z?
4
What is the hundreds digit of (452/(-8))/(1/(-2))?
1
Suppose 5*t = 3*k + 512, -4*t + 258 = -5*k - 162. What is the units digit of t?
0
Suppose -7*t = -3*t - 224. What is the tens digit of t?
5
Suppose -t = -24 - 25. What is the units digit of t?
9
Let y(n) be the second derivative of -4/3*n**3 - 1/12*n**4 - 3*n - 3*n**2 + 0. What is the units digit of y(-5)?
9
Let d = 5 + -10. Let l = d - -10. What is the units digit of l?
5
Let y(x) be the first derivative of -x**3/3 + 3*x**2 - 3*x - 5. Suppose -6*s = -2*s - 8. What is the units digit of y(s)?
5
Let k(i) = -2*i**2 + 2*i + 3. Let a be k(-2). Let c = 17 + a. What is the units digit of c?
8
Suppose -k = -2*z - 3, -k + 21 = -3*z - 5*k. Let r(n) = -n + 4. What is the units digit of r(z)?
7
Suppose -4 = 4*n - 12. Suppose -10 - n = 4*k - 4*s, 4*k = -4*s + 28. What is the units digit of k?
2
Suppose 0 = 3*i + 3, i + 2 = -a - 1. Let c(z) = 1 - 2*z + 3 - 3 + 1. What is the units digit of c(a)?
6
Let a(j) = j**3 + 10*j**2 + j + 16. What is the units digit of a(-10)?
6
Let x be (56/(-20))/((-2)/40). Suppose 3*q = 25 + x. What is the tens digit of q?
2
Let d(p) = -p**3 - 5*p**2 - 10*p - 8. What is the units digit of d(-7)?
0
Suppose 0 = o - 3*k - 290, 945 = 2*o - 4*k + 355. What is the units digit of o?
5
Let p(g) = g**2 - 6*g + 5. What is the units digit of p(-5)?
0
Let p = 140 - 46. What is the units digit of p?
4
Let q = -12 - -14. Suppose -2*c + 3 = -4*x + 5*x, -q = -c - x. What is the units digit of c?
1
Let r = 40 - -65. What is the tens digit of r?
0
Let f(y) = -8*y + 34. What is the hundreds digit of f(-24)?
2
Suppose -5*a + 155 = 5*f, -3*f = 2*a - 21 - 40. What is the units digit of a?
2
Let m(r) = -1 + 0*r**3 + 5*r - 4*r + 5*r**2 - r**3. Suppose -3*i + 4 = w - 4*i, -4*w + 2*i + 16 = 0. What is the units digit of m(w)?
9
Let s be (-1911)/3 - (-2)/1. Let z be s/15 - 2/(-6). What is the units digit of z/(-5) - 10/25?
8
Let w(k) = -8 + k + k**2 - 2*k + 6*k. Let g be w(-7). Let h = g - 4. What is the units digit of h?
2
What is the hundreds digit of (213/(-4))/(-1)*(-304)/(-57)?
2
Suppose -27*f + 250 = -26*f. What is the units digit of f?
0
Let n(p) = p**2 + 2*p + 17. What is the tens digit of n(-7)?
5
Suppose 4*c + 2*r - 64 = 0, -4*c = -7*c + r + 48. Let x = c - -21. What is the tens digit of x?
3
What is the units digit of (69 - 2)/(3 + -4 + 2)?
7
What is the units digit of 1/(15/(-220))*(-6)/1?
8
Let s = 3 + -5. Let m be (-1)/(-1)*s*5. Let l = m + 15. What is the units digit of l?
5
Let x(t) = 4*t - 8 + 2*t - 6*t + 4*t. What is the units digit of x(6)?
6
Let u = 11 - 7. Let m be (-6)/(-12) + 10/u. Suppose -3*k = -5*r - 53, m*k = 2*r + r + 51. What is the tens digit of k?
1
Suppose 4*r - 14 = 2*r. Suppose 5*d - a = 3, 5*d - 5*a + 2*a = -1. Let x = d + r. What is the units digit of x?
8
Let t = 3 - 3. Let i = t + 3. Suppose d + i*d = 24. What is the units digit of d?
6
Let h(r) = -5*r + 15. Let l be h(6). What is the tens digit of (-174)/(-8) - l/(-20)?
2
Let m = 44 + 341. What is the tens digit of m?
8
Let t = 29 - -23. Suppose -4 = -0*l - l - 3*k, k = -3*l + t. What is the units digit of l?
9
Let s = 1023 + -722. What is the units digit of s?
1
Suppose 14 = -5*z + 69. Let y = z - 7. Suppose -b - y*m = -6*b + 85, -4*b + 104 = 4*m. What is the tens digit of b?
2
Suppose 2*r = 5*r - 63. Suppose a + r = k - 4*a, a = -5*k + 53. What is the units digit of k?
1
Let n = -19 + 22. Suppose 0 = -2*p - 4*g + 92, -5*g + 97 = -p + n*p. What is the units digit of p?
6
What is the units digit of (444/(-36))/((-1)/3)?
7
Let c be (-2 - -3 - 2)/(-1). Let l be 7/(c*3/(-3)). What is the units digit of (-2)/l + 141/21?
7
Let c = -7 - -9. What is the units digit of (-40)/(-12)*3/c?
5
Let p(l) = -6*l - 1. Let m = -9 + 6. Let w be ((-1)/m)/((-1)/3). What is the units digit of p(w)?
5
Suppose -5*q + 78 + 72 = 0. Suppose -3*w + 159 = q. What is the units digit of w?
3
Let x be 15/(-2)*6/(-9). Let q(j) = -4*j**2 + 6*j + 6*j**2 + 3 - 3*j**2. What is the units digit of q(x)?
8
Suppose 10 + 19 = t. What is the tens digit of t?
2
Suppose -2*g = g - 9. Suppose 230 = 5*r + 5*l, g*r - 39 - 95 = -l. What is the units digit of r?
4
Suppose -3*z = 9, -z - 2 = -g + 30. Let a = g - 20. What is the units digit of a?
9
What is the hundreds digit of -2*((-71)/3)/((-4)/(-18))?
2
Let m(i) be the first derivative of i**2/2 + i - 1. Let t be 2/(-6) + 12/9. What is the units digit of m(t)?
2
Suppose -5*s = 5, 3*s = -5*x - s + 21. Suppose 3*l = -3*a + 36, -l - 99 + 21 = -x*a. What is the tens digit of a?
1
Let u = -15 + 20. What is the tens digit of (-16)/1*u/(-4)?
2
Let m(d) = -d**2 + 3*d - 3. Let f be m(2). What is the units digit of f/(1 - 12/10)?
5
Suppose 0 = 2*s + 4*t - 20, 5*s = -2*t + 34. What is the units digit of s?
6
Let c(s) = 7*s - 4. What is the units digit of c(7)?
5
Let f(z) = 13*z**2. What is the units digit of f(2)?
2
Let v(c) = -2*c + 4. Let d be v(-4). Let k be 2/3 + (-200)/d. Let m = k - -23. What is the units digit of m?
7
Let z(v) = -v + 3. Let n be z(5). Let a = 1 - n. Suppose 5*d - 5 = t, -5*d + 61 = a*t - d. What is the tens digit of t?
1
Let b = 71 - -5. Let d = b + -46. What is the tens digit of d?
3
What is the tens digit of (20/3 + 0)*(0 + 3)?
2
Let j = 11 - -6. What is the tens digit of j?
1
Let z(k) = -2*k - 1. Let c be z(-2). Let o be (2 + c)/(1 + 0). Suppose 0 = o*h + 5 - 15. What is the units digit of h?
2
Let u be ((-1)/(-1))/(2/(-6)). Let k(o) = -4*o + 3. What is the tens digit of k(u)?
1
Let j(h) = -h**2 + 26*h - 24. What is the tens digit of j(20)?
9
Let h = 24 - 19. Suppose -h*u = -10, 13 = 3*b + 5*u - 30. What is the units digit of b?
1
Suppose 4*w + 0*w = 36. What is the tens digit of (1 + w/(-6))*-46?
2
Suppose -97 = -3*j - t + 62, 3*j - 2*t = 159. What is the units digit of j?
3
Suppose w + u + u = 11, 5*w + 3*u = 27. Suppose -k + 10 = -w. What is the tens digit of k?
1
Suppose 0 = -2*k - k + 12. Suppose 5*o - k*p - 10 + 40 = 0, 5*o + p = -5. Let y = o - -15. What is the tens digit of y?
1
Let v = -358 + 526. What is the units digit of v?
8
Let m(t) = t**2 - 4*t + 2. What is the units digit of m(4)?
2
Suppose -5*s - 80 = 20. Let a be ((-42)/(-10))/((-4)/s). Let h = 36 - a. What is the units digit of h?
5
Suppose -2*b + 1 = -5. Suppose 2*x + 29 = b*x - 4*v, 0 = -4*x - 5*v + 95. What is the units digit of x?
5
What is the tens digit of (1/(-1) + 212)*1?
1
Let j be (-1 + 3/2)*38. Suppose 2*h + 3 = n - 18, -3*n - 5*h + j = 0. What is the units digit of n?
3
Let a = 5 - 7. Let v be (-4)/(-6)*(a + -7). Let n = v - -7. What is the units digit of n?
1
Let b = 8 + -4. Let u(n) = 0*n + b*n + n - 3*n. What is the units digit of u(1)?
2
Let f = 106 - 59. What is the units digit of f?
7
Let r = -5 - -14. Let h(f) = f**3 - 4*f**2 - 2*f. Let s be h(4). What is the units digit of (s/6)/((-2)/r)?
6
Let r = 6 + -1. What is the units digit of r?
5
Let h(k) = -2*k**2 - 30*k - 41. What is the tens digit of h(-12)?
3
Suppose 5*a - 20 = g + g, -2*g - 2 = 4*a. Suppose 4*l - 3*f - 25 = 0, 0 = -l - a*l - 3*f + 24. What is the units digit of l?
7
Let o be 23/7 + 8/(-28). Suppose -7*z = -o*z - 24. What is the units digit of z?
6
Let g be 50/4*(-4)/5. Let n = 18 + g. What is the units digit of n?
8
Let g = 87 + -61. Suppose 2*f + g = -24. Let u = f - -35. What is the units digit of u?
0
Let f(r) = 0*r - 9 - 5*r**2 - 5*r + 4*r**2. Let m be f(-6). Let o = m + 21. What is the units digit of o?
6
Let k(z) = -z**3 + 6*z**2 + z - 1. Let y be k(6). Let u be 1/3 - (-35)/3. Let c = u - y. What is the units digit of c?
7
Let b(l) = l**3 - 6*l**2 + 8*l + 11. What is the units digit of b(6)?
9
Suppose -21 - 25 = 5*r + 4*p, 2*p = -r - 8. Let q be (-205)/r + 1/(-2). What is the units digit of (65/q)/((-2)/(-8))?
3
Let u(t) = t + 3. Let s(i) = 3*i + 10. Let w(f) = 4*s(f) - 11*u(f). What is the units digit of w(5)?
2
Let f(l) = -3*l**3 + l - 2*l**3 - 11*l**3 - 3*l**3. What is the units digit of f(-1)?
8
Let t(c) = 9*c - 9. Let b be t(4). Suppose -r + 1 + b = 0. What is the tens digit of r?
2
Let v(l) = l - 3. Let s be v(8). Suppose s*k - 9 = 2*k. What is the units digit of k?
3
Let t(f) = -f**2 + 6